{"id":178,"date":"2020-09-20T23:16:09","date_gmt":"2020-09-20T21:16:09","guid":{"rendered":"https:\/\/kotomory.rudny.eu\/?post_type=product&#038;p=178"},"modified":"2020-11-09T17:38:24","modified_gmt":"2020-11-09T16:38:24","slug":"that-time-of-the-year-koszulka-czarna","status":"publish","type":"product","link":"https:\/\/kotomory.rudny.eu\/index.php\/produkt\/that-time-of-the-year-koszulka-czarna\/","title":{"rendered":"That time of the year &#8211; Koszulka (czarna)"},"content":{"rendered":"<h2>That time of the year &#8211; Koszulka (czarna)<\/h2>\n<p>Domy\u015blam si\u0119 \u017ce do wielu os\u00f3b kt\u00f3re pozna\u0142y ju\u017c uroki sesji egzaminacyjnej, ta koszulka szczerze przem\u00f3wi.<\/p>\n","protected":false},"excerpt":{"rendered":"<h4>materia\u0142: 100% bawe\u0142na<\/h4>\n<h4>gramatura: 160 g\/m2<\/h4>\n","protected":false},"featured_media":264,"template":"","meta":{"_monsterinsights_skip_tracking":false,"_monsterinsights_sitenote_active":false,"_monsterinsights_sitenote_note":"","_monsterinsights_sitenote_category":0},"product_brand":[],"product_cat":[22],"product_tag":[21,25,23,24],"class_list":{"0":"post-178","1":"product","2":"type-product","3":"status-publish","4":"has-post-thumbnail","6":"product_cat-koszulka","7":"product_tag-biala","8":"product_tag-czarna","9":"product_tag-koszulka","10":"product_tag-tshirt","11":"clearfix","13":"first","14":"instock","15":"shipping-taxable","16":"purchasable","17":"product-type-variable","18":"has-default-attributes"},"aioseo_notices":[],"jetpack_sharing_enabled":true,"_links":{"self":[{"href":"https:\/\/kotomory.rudny.eu\/index.php\/wp-json\/wp\/v2\/product\/178","targetHints":{"allow":["GET"]}}],"collection":[{"href":"https:\/\/kotomory.rudny.eu\/index.php\/wp-json\/wp\/v2\/product"}],"about":[{"href":"https:\/\/kotomory.rudny.eu\/index.php\/wp-json\/wp\/v2\/types\/product"}],"wp:featuredmedia":[{"embeddable":true,"href":"https:\/\/kotomory.rudny.eu\/index.php\/wp-json\/wp\/v2\/media\/264"}],"wp:attachment":[{"href":"https:\/\/kotomory.rudny.eu\/index.php\/wp-json\/wp\/v2\/media?parent=178"}],"wp:term":[{"taxonomy":"product_brand","embeddable":true,"href":"https:\/\/kotomory.rudny.eu\/index.php\/wp-json\/wp\/v2\/product_brand?post=178"},{"taxonomy":"product_cat","embeddable":true,"href":"https:\/\/kotomory.rudny.eu\/index.php\/wp-json\/wp\/v2\/product_cat?post=178"},{"taxonomy":"product_tag","embeddable":true,"href":"https:\/\/kotomory.rudny.eu\/index.php\/wp-json\/wp\/v2\/product_tag?post=178"}],"curies":[{"name":"wp","href":"https:\/\/api.w.org\/{rel}","templated":true}]}}